 = d(l) - 6*t(l). Let n(h) = -77*h - 65. Let s(q) = -5*n(q) - 8*w(q). What is the tens digit of s(-3)?
5
Let y be -5 + (-23 - (8 - 3)). What is the units digit of (-22)/y*3981/2?
7
Suppose -18852 = -262*t + 260*t + 3*v, 5*v = t - 9419. What is the thousands digit of t?
9
Let m(r) = r**2 + 7*r + 2. Let s be m(-7). Let o(v) = -v**2 + 87*v + 851. Let f be o(-9). What is the units digit of s - (-1618)/12 - f/78?
7
What is the units digit of ((-55)/(-5) + -8)/((9/(-63186))/(-1))?
2
Let f(i) = -56*i - 52. Let r be f(-23). Suppose -3*k = -c + 634, -3*c - 2*k + r = -c. What is the units digit of c?
2
Let z = 42 - 39. Let x(k) = -2*k**3 + 2*k**3 + 7 - z*k**2 - 4*k**3 + 3*k**3. What is the units digit of x(-5)?
7
Suppose v - 5*m - 2087 = 935, 0 = v + 5*m - 3042. Suppose -47*k + v = -39*k. What is the tens digit of k?
7
Let u(b) = 42*b + 109 - 111 + b - 2*b. What is the units digit of u(3)?
1
Let h(b) = b**3 + 48*b**2 + 56*b - 43. What is the units digit of h(-43)?
4
Let g = -13 - -25. Suppose 0 = -0*u + 3*u - g. Suppose -18 = -f + 5*a, -f + u*a + 9 = 2*a. What is the units digit of f?
3
Let n(d) be the second derivative of 5*d**4/4 - 2*d**3/3 - d**2 - 35*d. What is the tens digit of n(7)?
0
Suppose -l + 5*p = -2019 - 6070, -5*l - p + 40627 = 0. What is the thousands digit of l?
8
Let k(s) = -3*s - 4. Let m(d) = -7*d - 9. Let t(q) = 10*k(q) - 4*m(q). Let w be t(-5). Let p = w + 26. What is the tens digit of p?
3
Suppose 7*j + 95 = 291. What is the units digit of (j + 1467)/(1/1)?
5
What is the thousands digit of (7355868/104 - (-1)/(-2))*1/1?
0
Suppose 10*s - 28*s = -91926. What is the tens digit of s?
0
Let p(c) = 2*c**2 + c - 15. Let s be 8/(-6)*(-18)/(-4). Let y be 4 - s/(6/3). What is the tens digit of p(y)?
9
Suppose 0 = 5*d + 3*v - 18058, 36*d + 14436 = 40*d + 5*v. What is the hundreds digit of d?
6
Let q(j) = -j**3 + 10*j**2 - j + 17. Suppose -a - 8 = a + 2*k, -1 = -k. What is the units digit of q(a)?
7
Let w(g) be the second derivative of g**7/2520 - g**6/180 + g**5/12 - g**4/3 - 5*g. Let o(m) be the third derivative of w(m). What is the tens digit of o(8)?
4
Let s be (127/(-4))/1 + (-25)/100. Let o = 32 + s. Suppose l = -3*c + 218, o*c = -2*l - c + 426. What is the hundreds digit of l?
2
Let w be (-17 + 275)/(0 - 2). Let g = w + 221. Let d = 117 + g. What is the units digit of d?
9
Let u be (-386)/30 - (-40)/(-300). What is the hundreds digit of ((-1)/(-2))/(u/(-6526)) - 0?
2
Suppose 6 = -4*i + 18, 5*i + 25908 = 3*k. Suppose -18*l + 28405 = k. What is the thousands digit of l?
1
Suppose 17*k = 13*k. Suppose 2*h + 8*h - 1260 = 0. Suppose h = -3*g + 5*g + 5*q, k = -2*g - 4*q + 128. What is the tens digit of g?
6
Suppose -f + 0*f = 5*w - 415, 0 = -w + 3*f + 99. Suppose -4*n + 8*n + w = 0. What is the tens digit of 4/14 + (-2010)/n?
9
Suppose h + 2*c = 15, 4*h - 20 = 2*h - 2*c. Let t be ((-109)/h)/((-21)/105). Let d = -62 + t. What is the tens digit of d?
4
Let x = 60 + -58. Suppose 0 = -2*c - 0*f - x*f - 216, c - 5*f + 126 = 0. What is the units digit of (-10)/(-6) - 1 - 4255/c?
9
Let d(o) = -2*o + 673. Let h be d(0). Suppose 7*s = 1686 + h. Let j = s + -213. What is the units digit of j?
4
Let o(h) = 137*h**3 + h**2 - h - 1. Let c be o(-1). Let b be 1350/(-35) + 9/(-21). Let x = b - c. What is the tens digit of x?
9
Let z(a) = -a**3 + 25*a**2 - 2*a + 83. Let y(m) = -m**2 - 23*m - 66. Let h be y(-18). What is the tens digit of z(h)?
1
Let g = -17650 + 25932. What is the units digit of g?
2
Suppose -17*u = -57 - 11. Suppose -3*l = -3*k + 660, 1109 = 3*k + 2*k + u*l. What is the tens digit of k?
2
Suppose 160*c - 72*c = 77*c + 142956. What is the ten thousands digit of c?
1
Let p(o) be the first derivative of 7*o**3/3 - 5*o**2/2 + 6*o + 11. Let s be p(2). Let v = 43 + s. What is the units digit of v?
7
Suppose 9 = -69*q + 66*q, -1308 = -3*m + 4*q. What is the hundreds digit of m?
4
Let s(v) = 361*v**2 + 83*v + 603. What is the hundreds digit of s(-7)?
7
Let v = -1206 + 1241. What is the tens digit of v?
3
Let r(d) = d**3 + 33*d**2 - 464*d - 102. What is the hundreds digit of r(-32)?
7
Let a(s) = 6*s - 14. Let w = 30 + -27. Suppose 3*t - 48 = -w*q, q - 2*q = -2. What is the units digit of a(t)?
0
Suppose -44 = -30*k + 34*k. Let n(d) = -7*d + 26. Let y(q) = 20*q - 79. Let l(j) = -17*n(j) - 6*y(j). What is the units digit of l(k)?
3
Suppose 0 = -8*l - 1101 + 3189. Suppose -55*j + 52*j = -l. What is the units digit of j?
7
Suppose 3*r - 48287 = 5*l, 11659 = -2*r + 5*l + 43842. What is the tens digit of r?
0
Let g(q) = -q**3 - 8*q**2 + 9*q + 17. Let d be g(-8). Let t = 61 + d. Suppose b - 132 = -t. What is the tens digit of b?
2
Let u be -3 - (2 + 64/(-4)). Suppose -3*c - 4*k + u = 0, 0*c - 23 = -5*c - 2*k. Suppose -9*b + c*b + 116 = 0. What is the tens digit of b?
2
Let b(w) = 5035*w**2 - 206*w - 410. What is the thousands digit of b(-2)?
0
Suppose -3*g + 80 - 71 = 0. What is the units digit of 417*(2 + g*4/(-12))?
7
Suppose -k - 3*y - 10339 = 10214, -5*k - 102809 = 4*y. What is the hundreds digit of ((-3)/12)/(k/5140 + 4)?
2
Suppose -d - 69 = 1. Let j(p) = 84*p. Let o be j(1). Let v = o + d. What is the units digit of v?
4
What is the hundreds digit of 18/54 - 458/((-2)/(16/6))?
6
Let u(m) = 4*m**2 + m + 1. Let x(z) = z**2 + 90*z - 11. Let a(h) = 2*u(h) + x(h). What is the units digit of a(7)?
6
Let g = -29342 - -33119. What is the thousands digit of g?
3
What is the thousands digit of 11669 - -1 - (-19)/228*-60?
1
What is the hundreds digit of (5 - -9014) + 10 + (1 - (0 + 4))?
0
Let h be 5/((-40)/(-672)) + 1. Let m = 483 - h. What is the units digit of m?
8
What is the thousands digit of 877/6*(-24168)/(-106)?
3
Let a = 27024 + 2548. What is the hundreds digit of a?
5
Let p be (3 - 7)/((-5)/10). Suppose 1584 = p*j - 480. What is the hundreds digit of j?
2
Suppose -2*l + 4*l + 8 = 0, z + 3*l + 9 = 0. What is the tens digit of (z + 1 - (6 - 3))*313?
1
Let l be 23944/(-68) + (-6)/(-51). Let b = l - -1699. What is the hundreds digit of b?
3
Let j(b) = 126*b**2 + 4*b - 26. Let r(u) = -u**3 + 27*u**2 - 26*u - 7. Let o be r(26). Let k be j(o). What is the units digit of 0 - (k/(-32) + (-1)/(-4))?
1
Suppose -7*l + 37 = -12. Let x(r) = 6*r + 192. What is the tens digit of x(l)?
3
What is the thousands digit of (81/1080*9304)/(2*2/60)?
0
What is the tens digit of (-8)/6*((-126)/(-56))/(1/(-4244))?
3
Suppose 0 = 47*f - 23975 - 101515. What is the tens digit of f?
7
Suppose 0 = 4*d + 4*r - 273644, -9*d + 615712 = -3*r - r. What is the thousands digit of d?
8
Suppose -2 = w - 6, -5*w - 28261 = -3*v. What is the units digit of v?
7
Let l(f) = -f**3 - 3*f**2 - 4. Let u be l(-4). Suppose -u*t = -10*t + 52. Let j = 58 + t. What is the units digit of j?
2
Suppose 5*v + 3223 = 3*y - 29439, 5*y = -2*v + 54509. What is the hundreds digit of y?
8
Suppose 0 = 5*a - 5*y - 205, 81 = 2*a + 4*y - 7. Suppose -10*p = -a + 2. Suppose -j + 0*j = c - 64, -p*j - 5*c + 253 = 0. What is the units digit of j?
7
Suppose 4*h - 3*f - 7001 = 0, -4*f - 14 + 2 = 0. Suppose -3*l = -i - 897 - h, -4*l + 3505 = 3*i. What is the units digit of l?
0
Suppose 5*t - 4*l - 93 = 138, -4*l = -4*t + 188. Suppose 0 = 46*g - t*g - 1506. What is the tens digit of g?
0
Let l(x) = x - 5. Let g be l(5). Suppose g = o + 8*o - 117. What is the tens digit of o?
1
Let n be ((-266)/57)/((-6)/9). Let r be (-188)/9 - 4/36. What is the tens digit of 2 + n/(r/(-60)) - 2?
2
Let z(w) be the second derivative of w**5/20 + 5*w**4/4 - 8*w**3/3 - 18*w**2 + 80*w. What is the units digit of z(-14)?
4
Let m = -54 - -57. Suppose -260 = -g - 2*r, 5*g - m*r + 210 = 1484. What is the units digit of g?
6
Let c(n) = -n**2 + 1. Let x(s) = -29*s**2 + s. Let v(o) = 6*c(o) - x(o). What is the hundreds digit of v(4)?
3
Suppose 2*c + 92*a = 93*a + 26005, 4*c = 3*a + 52013. What is the units digit of c?
1
Let z(w) = -w + 6. Let h be z(6). Suppose -5*f - 213 + 626 = 4*y, h = -y + 2. Suppose -t = -289 + f. What is the hundreds digit of t?
2
Let r(d) = -d**3 + 8*d**2 + d - 6. Let v be r(8). Let j be 12 - (-6 - -9) - v/2. Suppose -j*q + 59 + 613 = 0. What is the units digit of q?
4
What is the units digit of -1 + 11 + 11854 + -10 + -26?
8
Let l(h) = 229*h**2 + 10*h + 29. Let o be l(-6). Suppose -10*q + 22213 = o. What is the units digit of q